4*u + 2 = 3*b - 10. Let c(i) = 29 - 62 + 32 - u*i. Give c(-2).
11
Let z(n) = -5*n**3 - n**2 - n + 1. Let s = -219 + 18. Let c be (-6)/39 - s/39. Suppose 3*m - 6*m - 1 = a, 0 = c*m - a - 9. Calculate z(m).
-6
Let p(r) = -5*r - 28. Let k(l) = -2*l - 15. Let n(h) = 2*k(h) - p(h). What is n(8)?
6
Let n(i) = i - 16. Let s(h) = h**2 - h - 1131. Let a be s(-33). Calculate n(a).
-25
Let g be (-24)/(-14)*(-3 + 335/2). Let j(z) = 283 - z**2 + z + z**3 + 0*z**3 - g. Give j(0).
1
Suppose d + d - 1065 = -5*c, -5*d = -2*c - 2735. Let l = d + -549. Let w(y) = -y**3 - 4*y**2 - 5*y - 6. What is w(l)?
14
Let y be (2 + (-3)/(-6))*-2. Let o(x) = -x**3 - 2*x + 1. Let g(m) = -4*m**3 - 6*m**2 - 12*m - 5. Let n(v) = -g(v) + 3*o(v). Determine n(y).
3
Let y(p) be the first derivative of p**4/12 - 5*p**3 - 35*p**2/2 + 2*p + 153. Let r(s) be the second derivative of y(s). Calculate r(14).
-2
Let l(z) = 26*z - 30. Let t(m) = 9*m - 11. Let j = 235 - 229. Let o(d) = j*l(d) - 17*t(d). Give o(10).
37
Let o(t) = 6*t + 12. Let l be (-1)/((-39)/306) - (-12)/78. What is o(l)?
60
Suppose -3*t + 2*v - 22 = 0, -3*t - 15 - 5 = -4*v. Let x(a) be the third derivative of -a**4/12 + 2*a**3/3 - 32*a**2 - 2. Calculate x(t).
20
Let p(c) = -49*c**3 + 47*c - 32 - 29 + 36*c**2 + 48*c**3 - 2*c + 33*c. Determine p(38).
15
Let g = 1407 + -1412. Let l(o) = -2*o**3 - 10*o**2 - 8*o - 10. Calculate l(g).
30
Let u = 17290 + -17294. Let m(h) = -7*h - 13. Determine m(u).
15
Let b(c) be the first derivative of 9*c**2/2 - 5*c - 95. Suppose -5*k - 2*g + 3*g - 23 = 0, 5*k + 35 = 5*g. Give b(k).
-41
Let q(j) = 2*j. Let x(h) = h**3 - 7*h**2 - 6*h + 8. Let y = -72 + 73. Let g(r) = y*x(r) + 4*q(r). Calculate g(6).
-16
Let n(q) = 15*q - 125. Suppose 127 = 27*y - 89. Give n(y).
-5
Suppose -20*h = -68 - 72. Let t(r) = -3*r**3 + 2*r**2 - r - 1. Let j(d) = -10*d**3 + 3*d**2 - 3*d - 2. Let y(l) = h*t(l) - 2*j(l). Give y(8).
-11
Let d(c) be the first derivative of c**4/4 + 10*c**3/3 - 5*c**2 + 5*c - 2. Let l(o) = -o**2 - 334*o - 22571. Let m be l(-240). Calculate d(m).
-6
Let z = -70 - -74. Let s(d) = -4*d + 4. Let m(j) = -j - 1. Let l(w) = -m(w) + s(w). Calculate l(z).
-7
Let s(c) = -c**2 + 4*c**2 - 4*c**2 + 2*c**2 - 16*c + 28*c + 6. Let z be (-1)/(2/8) - 48/24. Give s(z).
-30
Let y(i) = -25*i - 37. Let o be y(-3). Let h(s) = -s**3 + 39*s**2 - 39*s + 52. Give h(o).
14
Let w(b) = 3*b**2 + 4. Let g(s) = 2*s**2 + 5. Let m(j) = -5*g(j) + 6*w(j). Suppose -4*z = 5*t + 1, t + 17*z = 16*z. Give m(t).
7
Suppose 4*o + 31 + 65 = 4*f, o - 16 = -f. Let j(r) = 2*r**2 - 36*r - 34. Determine j(f).
46
Suppose -37*l = -43*l + 30. Let r(u) = -5*u - 7 - l*u + u**2 + 9 - 6. What is r(10)?
-4
Let x(v) = v - 737*v**2 + 1458*v**2 - 722*v**2 + 3. Suppose -4*p = w - 0*w + 21, -4 = p. Let i be 2*w/(-30)*-9. Give x(i).
-9
Let z(i) = -8*i**3 - 6*i**2 + 2*i + 5. Let f(d) = 5*d**3 + 5*d**2 - 2. Let k(y) = 5*f(y) + 3*z(y). What is k(-5)?
25
Let o(y) = y**2 + 9*y - 36. Let s(d) = 2*d**2 - 144*d - 158. Let w be s(73). Calculate o(w).
0
Let z(q) = -9*q**3 + 2*q**2 + 4*q - 2. Let k(y) = -27*y**3 + 6*y**2 + 11*y - 6. Let t(p) = -3*k(p) + 8*z(p). Let s be (-7)/56*4*-2. Give t(s).
8
Let x(y) = -3*y + 7. Let a(z) = z**2 - 8*z + 2. Let n be a(7). Let p(w) = w**3 + 2*w**2 - 19*w - 11. Let m be p(n). Suppose 8*c + 5 = m*c. Determine x(c).
-8
Let r = 255 - 226. Let y(b) = r*b - 41*b + 8*b. Give y(1).
-4
Let c(s) = -5*s**3 - 18*s**2 + 2*s + 5. Let g(b) = 11*b**3 + 36*b**2 - 9*b - 10. Let u(r) = 9*c(r) + 4*g(r). Calculate u(-17).
22
Let c(d) = -21*d + 23. Let t(o) = o**3 - 21*o**2 - 243*o + 319. Let g be t(29). Give c(g).
23
Suppose 6*l = 2*z + 28, 4*l = -2*z - z + 36. Let h(i) be the third derivative of i**5/60 - i**4/12 - i**3/2 - 8*i**2. Give h(l).
21
Let w(x) = 4*x - 3*x + 4*x. Suppose -s + 75 = -4*m, 5*m - 53 - 87 = -3*s. Suppose s + 9 = -32*o. What is w(o)?
-10
Let f(p) = -2*p**3 + 21*p**2 + 7*p + 6. Let d be f(10). Let v = d - 174. Let k(o) = o**3 - 4*o**2 + 4*o - 3. Give k(v).
-3
Let z(q) be the second derivative of 1/20*q**5 + 5/6*q**3 + 3*q - 7/2*q**2 - 7/12*q**4 - 7. What is z(7)?
28
Let x = -99 - -156. Let c = 3766 - 3766. Suppose 60*b - x*b + 3 = c. Let s(z) = 2*z**2 + z. Determine s(b).
1
Let f(h) = 5*h**2 + 5*h - 2. Suppose -2*g - 3 + 7 = -4*w, 4*w + 3*g + 34 = 0. What is f(w)?
58
Let n(a) = 3*a**2 - 4*a + 2. Suppose 8*q = 14 + 114. Let h(g) = -31*g + q + 29*g + 9. Let c be h(11). Calculate n(c).
17
Suppose 0 = 5*r - 18 - 42. Let c(l) = r*l - l - 8*l - 2*l. Give c(0).
0
Let q(h) = -h**3 - 2*h**2 + 5*h - 25. Let t be q(5). Let k = -171 - t. Let d(r) = -r**3 + 2*r**2 + 7*r - 5. What is d(k)?
-9
Let z(g) = 25*g. Let v(w) = 2*w. Let s(i) = -76*i. Let t(f) = 3*s(f) + 96*v(f). Let q(x) = 5*t(x) + 7*z(x). Determine q(-2).
10
Let f(v) = -v**3 - 30*v**2 - 28*v + 25. Let k be f(-29). Let g be k - (10/(-3))/((-8)/204). Let n = g + 89. Let a(y) = -y + 3. Calculate a(n).
3
Let y(x) be the first derivative of -3*x**2/2 + 17*x + 3153. What is y(24)?
-55
Let n(c) = -2*c + 7. Let b(q) = -q + 4. Let p(a) = -7*b(a) + 4*n(a). Let v(k) = -k**3 + 62*k**2 + 130*k - 126. Let m be v(64). What is p(m)?
-2
Let l(j) = -6*j**2 + j + 3. Let y(o) = -7*o**2 + o + 4. Let x(v) = 5*l(v) - 4*y(v). Let m(p) = p**2 - 2*p - 1. Let n be m(3). What is x(n)?
-7
Let z(j) = j**3 + 9*j**2 - 9*j + 5. Let w(u) = -15*u**3 + 5*u**2 - u - 2. Let m be w(-2). Suppose 14*b = -0*b - m. What is z(b)?
-5
Let a(l) = 75*l**2 - 40 - 934*l - 76*l**2 + 946*l. Calculate a(7).
-5
Let z(t) = 153*t**3 + 11*t**2 - 219*t**3 + 67*t**3 + 17*t + 37. Give z(-9).
46
Suppose -13*q - 27*q + 90*q = -550. Let a(c) = -c**3 - 9*c**2 + 20*c - 34. What is a(q)?
-12
Let n(w) = 5*w + 21. Let r be 13 - (16 + -9)*1. Calculate n(r).
51
Suppose 5*b = 2*i - 12, 0 = 4*i - 5*b - 22 - 2. Let j(c) = -7*c**3 + 6*c**3 - i + 5*c - 10*c**2 + 0*c**3 + 5*c. Calculate j(-11).
5
Let z(b) be the second derivative of 0 - 6*b - 4/3*b**3 + 7/12*b**4 - 1/2*b**2 + 1/20*b**5. What is z(-8)?
-1
Let v(s) = -2*s**3 - 6*s**2 - 5*s - 1. Let x = -4137 + 4133. Calculate v(x).
51
Let b(a) be the first derivative of a**2/2 + 6*a - 675. Let y = 0 - 4. Calculate b(y).
2
Suppose -15 = -2*b + 13. Suppose 4*s - 2*z + 180 = 9*s, s = 4*z + b. Let k(a) = 2 - 35*a - 6 + s*a. What is k(-8)?
4
Let o(c) = c**2 - 10*c + 13. Let k be o(10). Let z(x) = -17*x**2 + 46*x - 1. Let v(t) = 8*t**2 - 22*t + 1. Let q(j) = k*v(j) + 6*z(j). What is q(6)?
19
Let g(i) = -29*i - 20. Let b(x) = 11*x + 7. Let w(s) = -8*b(s) - 3*g(s). Suppose 10 = -4*r + 2*o, -4*r - 5*o = -2*o + 15. Determine w(r).
7
Let x(t) = t**3 - 5*t**2 - 5*t - 6. Suppose -1 = -4*m + 3, -4*u + 4*m = 32. Suppose -6 + 3 = z + 4*i, 0 = -z - 3*i + 1. Let l = z + u. Calculate x(l).
0
Let d(l) = 9*l + 56. Let x(y) = 47*y + 280. Let s(n) = 11*d(n) - 2*x(n). Let k be s(-12). Let q(a) = -a**3 - 4*a**2 + 2. Give q(k).
2
Let p(b) = -b + 8. Let f = -2615 - -2599. Calculate p(f).
24
Let n = 9 + -4. Let p = -842 + 1473. Let k(m) = 631 - m - p. What is k(n)?
-5
Let w = -182 - -169. Let m be (-1 - (-2 + 1))/(12 + w). Let q(l) = l**3 + l**2 + l + 3. Give q(m).
3
Let v(q) = -4*q**2 + 2*q + 1. Let m(x) = 256*x**2 - 126*x**2 - 133*x**2 + x + 3. Let r(t) = -3*m(t) + 2*v(t). Determine r(0).
-7
Let c(o) = -4*o**2 + 10*o - 4. Let v(y) = 2*y**2 - 2*y. Let p(l) = -c(l) - 4*v(l). What is p(-3)?
-26
Let b be -35*(-21)/49 - 38. Let l(d) = d + 6. Calculate l(b).
-17
Let x(s) = -224*s + 59. Let t(w) = 79*w - 20. Let q(p) = 17*t(p) + 6*x(p). Suppose -2*o + 9 + 1 = 0. Suppose -z + o*l = 36 - 11, 3*z - 5*l = -25. Give q(z).
14
Suppose 49*f - 990 = 4*f. Let h(q) = -6*q + 137. What is h(f)?
5
Suppose 6*o + 1 = 5*o. Let p(k) = -126*k**2 - k + 253*k**2 + 3 - 122*k**2 - k. Let m(a) = a**2 + a - 1. Let v(z) = -2*m(z) - p(z). Calculate v(o).
-8
Let x(i) be the first derivative of i**2/2 - 129. Let w be (-35)/(-11) - (-18)/(-99). What is x(w)?
3
Let c(b) = -3*b - 6. Let m(q) = -2*q**2 + 16*q + 14. Suppose -4*a = -1 + 33. Let f(r) = r**2 + 6*r - 7. Let s be f(a). Let h be m(s). What is c(h)?
6
Let l(s) = s**2 - 6*s - 10. Let w(t) = 7*t + 299. Let n be (-45 - 1) + -1 - -5. Let r be w(n). Calculate l(r).
-15
Let l(m) = -m - 1. Let k(a) = -a**2 - 6. Let g = -194 - -193. Let t(b) = g*k(b) + 4*l(b). Determine t(4).
2
Let k(r) = -2*r**2 - 11*r + 2. Suppose j + 5*